 134253274?
2, 569, 117973
What are the prime factors of 224453653?
1993, 112621
What are the prime factors of 221437910?
2, 5, 29, 763579
What are the prime factors of 428165524?
2, 107041381
What are the prime factors of 3012493317?
3, 1004164439
What are the prime factors of 6678009861?
3, 37, 167, 337, 1069
What are the prime factors of 631750513?
19, 53, 131, 4789
What are the prime factors of 32675481?
3, 47, 2861
List the prime factors of 2332056012.
2, 3, 11, 13, 107, 977
What are the prime factors of 1240870204?
2, 7, 3163, 14011
List the prime factors of 3685887896.
2, 460735987
List the prime factors of 4549280301.
3, 89, 547, 3461
What are the prime factors of 159754686?
2, 3, 7, 13, 71, 317
What are the prime factors of 18944428?
2, 59, 80273
List the prime factors of 34456024.
2, 23, 271, 691
What are the prime factors of 44821759?
44821759
What are the prime factors of 115715665?
5, 13, 97, 18353
What are the prime factors of 1145941777?
6971, 164387
What are the prime factors of 127157969?
1663, 76463
What are the prime factors of 32175534?
2, 3, 1877, 2857
What are the prime factors of 539008350?
2, 3, 5, 1117, 3217
What are the prime factors of 131787909?
3, 11, 881, 1511
What are the prime factors of 1830740476?
2, 23, 19899353
List the prime factors of 189284390.
2, 5, 59, 320821
What are the prime factors of 86536246?
2, 43268123
List the prime factors of 1303562942.
2, 11, 5741, 10321
What are the prime factors of 168058258?
2, 84029129
What are the prime factors of 1159960786?
2, 14653, 39581
List the prime factors of 315974049.
3, 761, 138403
List the prime factors of 197606216.
2, 24700777
List the prime factors of 162402702.
2, 3, 7, 11, 71, 4951
List the prime factors of 157572516.
2, 3, 61, 167, 1289
List the prime factors of 96718992.
2, 3, 2014979
List the prime factors of 684272419.
443, 1544633
What are the prime factors of 842125506?
2, 3, 2477, 56663
List the prime factors of 317287254.
2, 3, 23, 83, 27701
What are the prime factors of 31187144?
2, 3898393
List the prime factors of 232951776.
2, 3, 163, 14887
What are the prime factors of 47361224?
2, 19, 53, 5879
What are the prime factors of 103267245?
3, 5, 6884483
What are the prime factors of 179620253?
6271, 28643
What are the prime factors of 5140765148?
2, 443, 2901109
What are the prime factors of 2921231?
19, 153749
List the prime factors of 257633818.
2, 13, 89, 111337
What are the prime factors of 2446455408?
2, 3, 53, 961657
What are the prime factors of 64093914?
2, 3, 97, 36709
What are the prime factors of 16808786?
2, 43, 241, 811
List the prime factors of 1480811004.
2, 3, 241, 56893
What are the prime factors of 475418350?
2, 5, 11, 419, 2063
List the prime factors of 17893322.
2, 73, 122557
What are the prime factors of 566595248?
2, 23, 1539661
What are the prime factors of 266406351?
3, 88802117
List the prime factors of 578606589.
3, 11, 5844511
What are the prime factors of 6943491025?
5, 29, 661, 14489
What are the prime factors of 130837495?
5, 3163, 8273
What are the prime factors of 6158443184?
2, 384902699
What are the prime factors of 1770450635?
5, 17, 3313, 6287
List the prime factors of 1532651644.
2, 19, 23, 73, 12011
List the prime factors of 287724196.
2, 29, 919, 2699
List the prime factors of 16355490.
2, 3, 5, 311, 1753
What are the prime factors of 60465862?
2, 30232931
List the prime factors of 121468884.
2, 3, 1709, 5923
List the prime factors of 4234028606.
2, 4007, 528329
What are the prime factors of 204501565?
5, 151, 439, 617
List the prime factors of 84786515.
5, 11, 140143
List the prime factors of 4774402751.
4774402751
List the prime factors of 185576543.
3607, 51449
What are the prime factors of 431065160?
2, 5, 19, 577, 983
What are the prime factors of 49471676?
2, 12367919
List the prime factors of 62986997.
62986997
What are the prime factors of 26578602?
2, 3, 79, 18691
What are the prime factors of 81620459?
2699, 30241
What are the prime factors of 1138564223?
373, 3052451
What are the prime factors of 123635583?
3, 13737287
What are the prime factors of 1733816203?
7, 8707, 28447
What are the prime factors of 1687833389?
11, 17, 53, 170299
List the prime factors of 1501124738.
2, 29, 25881461
What are the prime factors of 4133611971?
3, 459290219
List the prime factors of 1387721434.
2, 11, 1249, 50503
List the prime factors of 33003301.
33003301
What are the prime factors of 124713194?
2, 62356597
What are the prime factors of 301390430?
2, 5, 11, 83, 3001
What are the prime factors of 43012211?
11, 3910201
List the prime factors of 88212254.
2, 13, 260983
What are the prime factors of 82551409?
19, 41, 105971
List the prime factors of 384426184.
2, 139, 345707
List the prime factors of 7236279247.
109, 66387883
List the prime factors of 14753375.
5, 7, 13, 1297
What are the prime factors of 4178260613?
211, 1709, 11587
List the prime factors of 151480828.
2, 37870207
List the prime factors of 979553713.
979553713
What are the prime factors of 169401176?
2, 7, 41, 89, 829
What are the prime factors of 6372740?
2, 5, 11, 83, 349
What are the prime factors of 3710639864?
2, 23, 20166521
What are the prime factors of 244558629?
3, 7, 1293961
What are the prime factors of 1985954301?
3, 73553863
What are the prime factors of 112310498?
2, 53, 71, 14923
What are the prime factors of 118385044?
2, 977, 30293
List the prime factors of 1948237670.
2, 5, 194823767
List the prime factors of 15224835.
3, 5, 1014989
What are the prime factors of 163938366?
2, 3, 113, 80599
What are the prime factors of 4688504488?
2, 41, 809, 17669
What are the prime factors of 128506804?
2, 19, 67, 25237
What are the prime factors of 59813367?
3, 61, 461, 709
What are the prime factors of 647435655?
3, 5, 241, 59699
What are the prime factors of 248739212?
2, 61, 1019423
List the prime factors of 283466531.
283466531
What are the prime factors of 3227147519?
17, 189832207
What are the prime factors of 736026590?
2, 5, 13, 5661743
List the prime factors of 98973659.
43, 61, 97, 389
What are the prime factors of 9034738?
2, 1093, 4133
List the prime factors of 132817240.
2, 5, 3320431
List the prime factors of 136485748.
2, 7, 37, 131743
List the prime factors of 46280840.
2, 5, 919, 1259
List the prime factors of 210326861.
210326861
List the prime factors of 966315543.
3, 199, 1618619
List the prime factors of 1965882970.
2, 5, 14009, 14033
List the prime factors of 97885003.
97885003
List the prime factors of 66068624.
2, 19, 71, 3061
List the prime factors of 4721663363.
33857, 139459
List the prime factors of 295814510.
2, 5, 137, 263, 821
List the prime factors of 84767388.
2, 3, 439, 16091
What are the prime factors of 569984974?
2, 13, 419, 52321
List the prime factors of 694275188.
2, 397, 437201
What are the prime factors of 96289283?
19, 5067857
What are the prime factors of 86474016?
2, 3, 19, 15803
What are the prime factors of 19197785?
5, 929, 4133
What are the prime factors of 619531793?
619531793
List the prime factors of 181057356.
2, 3, 6899
What are the prime factors of 62883208?
2, 7860401
What are the prime factors of 810741182?
2, 405370591
List the prime factors of 3745735008.
2, 3, 39018073
What are the prime factors of 40250500?
2, 5, 79, 1019
What are the prime factors of 3326866660?
2, 5, 13, 29, 441229
List the prime factors of 7602375.
3, 5, 11, 19, 97
What are the prime factors of 44174911?
11, 269, 14929
What are the prime factors of 178999346?
2, 821, 109013
What are the prime factors of 4882479307?
23, 212281709
List the prime factors of 106233760.
2, 5, 663961
List the prime factors of 73502303.
7, 1500047
What are the prime factors of 3734946875?
5, 11, 179, 607
What are the prime factors of 1055626983?
3, 37, 3170051
List the prime factors of 175670051.
5261, 33391
List the prime factors of 2275942026.
2, 3, 379323671
List the prime factors of 147974226.
2, 3, 23, 83, 12919
List the prime factors of 795292655.
5, 71, 977, 2293
What are the prime factors of 52060127?
7, 7437161
What are the prime factors of 6763578?
2, 3, 1127263
List the prime factors of 886221214.
2, 607, 823, 887
List the prime factors of 2116346911.
7, 251, 293, 4111
What are the prime factors of 2613139926?
2, 3, 4355